it of k?
1
Let g = 21 - -3. Suppose -5*k + k = -g. Let j = k - 4. What is the units digit of j?
2
Let r(h) be the first derivative of -h**5/60 - h**4/3 + 7*h**3/6 + h**2 - 2. Let t(w) be the second derivative of r(w). What is the units digit of t(-8)?
7
Let q = 33 - 18. What is the units digit of q?
5
Let n = 8 - 5. Let i = n - -2. What is the units digit of i?
5
Let u(o) = -6*o**2 - o. Let m(k) = -7*k**2 - k. Let l(i) = 5*m(i) - 6*u(i). What is the units digit of l(3)?
2
Suppose 313 = 3*v - 74. What is the units digit of v?
9
Let f(d) = 2*d + 6. Let w be (-4)/(1/3*3). Let k be f(w). What is the tens digit of k/6 - (-98)/6?
1
Let v(f) = f**2 + 7*f + 11. What is the tens digit of v(-13)?
8
Let a(i) = 3*i**2 + 9*i - 9. What is the tens digit of a(-7)?
7
What is the tens digit of (-2)/(-15) - (-1466)/30?
4
Let m(n) = 6*n**2 - 11*n - 1. What is the tens digit of m(-5)?
0
Let o(d) = -6*d**3 + d + 9. What is the hundreds digit of o(-3)?
1
Let k = 178 - -16. What is the hundreds digit of k?
1
Suppose 4 = -j + 9. Suppose x - 2*v + 5*v - 43 = 0, -j*x = -4*v - 253. What is the tens digit of x?
4
Let l(m) = 2 + 0 - m + 4*m - 3. Let x be l(1). Suppose -6*i + 2*i + 25 = 5*o, -4*i - 38 = -x*o. What is the units digit of o?
9
Let p(k) = -k + 5. What is the tens digit of p(-8)?
1
Let t(x) = x + 1. Let u = 2 + 0. Let f be t(u). Let b(c) = -c**3 + 5*c**2 - 5*c + 2. What is the units digit of b(f)?
5
Let h(d) = 4*d + 22. What is the tens digit of h(8)?
5
Suppose -6 - 24 = -2*s + 3*y, -20 = -2*s - 2*y. What is the tens digit of (-64)/s*(-18)/4?
2
Let f(a) = a**3 - 5*a + 4. Let p be f(3). Suppose 2*w + 13 = 2*q + q, 2*w + 10 = 0. Let r = p - q. What is the units digit of r?
5
Let l(q) = -q**3 - q**2 + 4*q + 2. Let i = 2 + -1. Let v be ((-9)/(-12))/(i/(-4)). What is the units digit of l(v)?
8
Suppose -5*o + 24 + 13 = s, -3 = s. What is the units digit of o?
8
Suppose -3*g + 549 = -2*a, -3*g - 709 = -7*g - 5*a. What is the tens digit of g?
8
Suppose -5 = -2*f + 2*j + 1, 0 = 2*f - 5*j - 6. Let d be (-2)/(-6) + 14/f. Suppose -d*c = -29 - 21. What is the units digit of c?
0
Suppose 7*b = 4*b + 6. Suppose b*h + 6 = 5*n, -3*n - 4*h + 23 = 9. What is the units digit of n?
2
Suppose 5 = 5*m + 3*t, 4 = m - t - 5. Suppose -x = -m*x + 39. What is the units digit of x?
3
What is the hundreds digit of (28/(-8) - -4)*458?
2
Let l(j) be the first derivative of j**6/60 - j**5/20 + j**4/12 + j**3/3 + j**2 - 1. Let q(p) be the second derivative of l(p). What is the tens digit of q(2)?
1
Let p = 216 + -122. Suppose 5*r = 5*y - 26 - p, -2*r = -5*y + 117. What is the units digit of y?
3
Suppose -5 + 30 = -5*r, 4*r + 25 = -i. Let m = 8 + i. Suppose 0 = -4*k - m*u + 15 + 17, 0 = -5*u. What is the units digit of k?
8
Suppose -15 = -m - 0*m. What is the units digit of m?
5
Let d(p) be the first derivative of 8*p**3 + p**2/2 - 8. What is the units digit of d(-1)?
3
Let u be (3 + -4)*(-5)/1. Suppose u*g - 141 = 2*g. What is the tens digit of g?
4
Let o be 7/3 + (-2)/(-3). Suppose 3*f - 28 = -4*l, -o*l - 5*f = 17 - 49. Let m = l - 2. What is the units digit of m?
2
Let o = -2 + 5. Suppose -o = 3*w - 138. What is the units digit of w?
5
Let p(i) = 7*i. Let d be p(-7). Let m = d - -76. Let z = m + -9. What is the tens digit of z?
1
What is the tens digit of (-6)/9*-6 - -19?
2
Let t be -10 + -3*(-8)/12. Let y = -26 - -43. Let g = y + t. What is the units digit of g?
9
Let o be 24/14 + 8/28. Let a be ((-28)/o)/((-2)/(-2)). Let g = 21 + a. What is the units digit of g?
7
Let p(k) = -k + 9. Let a = 11 - 6. Let b be p(a). Suppose b*h = -7 + 75. What is the tens digit of h?
1
Let w(r) = r**2 + 4*r - 2. Let m be w(-5). Suppose 0 = 5*f - m*f + 4. Let s = 9 + f. What is the units digit of s?
7
Let x(v) = v**2 + 4*v + 4. Let c be x(-4). Let z(f) be the first derivative of f**2/2 + 3*f - 1. What is the units digit of z(c)?
7
Suppose -3 + 23 = 5*s. Suppose l + 16 = 4*z, -10 = z + s*l + 3. Suppose z*v - 10 = -2*v. What is the units digit of v?
2
Suppose -w = -4*n + 6, -2 = -w + 3*n - 6. Suppose -w*m = m - 15. Suppose a + 3 = 3*g - 2, 0 = -2*a + m*g - 7. What is the units digit of a?
4
Let m(n) = -n + 1. Let q(j) = -10*j + 2. Let t(y) = 3*m(y) - q(y). What is the units digit of t(3)?
2
Suppose -2*b + 3*b - 2*y - 10 = 0, 3*b - 18 = 3*y. Suppose -5 = -3*u + b*u. What is the units digit of u?
5
What is the tens digit of (2/2)/(8/184)?
2
Let g(f) = 2*f**3 - 5*f**2 + 4*f - 5. What is the units digit of g(3)?
6
Let u(f) = 3*f - 5. What is the tens digit of u(10)?
2
Let v = 7 - 2. Suppose 0 = j + 4*y - 3 - 2, -4*j + 31 = v*y. Let s = j - 5. What is the units digit of s?
4
Suppose -2*m + 3*m - 4 = 0. Suppose 0 = 2*c - 10, 0 = -2*h + m*h + c - 3. Let a = h + 8. What is the units digit of a?
7
Let t = -46 + 188. What is the units digit of t?
2
Suppose 0 = -p - u + 31, 2*u - 10 + 0 = 0. What is the units digit of p?
6
Let m be 40*-1*(-3 + 2). Suppose 4*r - 12 = m. Suppose -3*z - h + r = 0, 6*h = 2*z + 3*h - 5. What is the units digit of z?
4
Suppose -3*y + 5*k + 47 = -35, 0 = -3*y - 2*k + 47. Suppose -c - y = -5*l, -3*c + 3*l + 5 = 50. Let o = -1 - c. What is the tens digit of o?
1
Let q = -226 + 439. What is the hundreds digit of q?
2
Let y = 339 - -113. What is the hundreds digit of y?
4
What is the tens digit of (-1)/((2 + -3)/30)?
3
Let j = -9 + 13. What is the units digit of ((-115)/(-10))/(2/j)?
3
Let g be (-1242)/(-24) + 1/4. What is the units digit of 3/9 + g/6?
9
Suppose 3 = 2*o + 9. Let d be 5*o/(-6)*-2. Let c = 10 + d. What is the units digit of c?
5
Let u = 55 + -53. What is the units digit of u?
2
Let u = -6 + 20. What is the units digit of u?
4
What is the units digit of (-16)/3*(-120)/16?
0
Let h be 2/8 - (-586)/(-8). Let r be (-4)/8 + h/(-2). Suppose 2*j - 4*z - 12 = -5*z, 4*j - z = r. What is the units digit of j?
8
Let j(g) = -g**3 + 14*g**2 - 10*g + 9. Let y(b) = -b**3 + 15*b**2 - 9*b + 8. Let l(f) = -5*j(f) + 4*y(f). What is the units digit of l(9)?
2
Let l(d) = d - 8. Let z be l(12). Let h = z - -4. Suppose -2*a + h + 12 = 0. What is the units digit of a?
0
Suppose 7*x - 9*x = -20. Let q be (2 + 15/(-6))*x. Let v(w) = w**2 + 2*w - 4. What is the units digit of v(q)?
1
Let y be (99/(-18))/((-1)/2). Suppose -59 = -5*q + 3*k, -4*q = k + y - 48. What is the tens digit of q?
1
Let l be (-6)/15 - 44/(-10). Suppose -2*b + 8 = 2*v - 4, 0 = -2*v + l*b - 6. What is the units digit of v?
3
Suppose 0 = i - r - 34, r = 4*i - 2*r - 136. What is the tens digit of i?
3
Let q(f) = f**3 - 11*f**2 + f - 10. Let k be q(11). Let r(y) = 3*y**3 - y + 1. What is the units digit of r(k)?
3
Let h be 1496/48 - (-1)/(-6). Suppose f + p = 14, -3*f = -f + 3*p - h. What is the tens digit of f?
1
Let w be ((-18)/21)/((-6)/21). Suppose 0 = w*x - 3 - 15. What is the units digit of x?
6
Suppose 2*y + 0*u + u - 600 = 0, -2*y = 2*u - 596. What is the hundreds digit of y?
3
Let l = -21 - -52. What is the tens digit of l?
3
Let w be (-10)/35 - (-32)/14. What is the tens digit of 17*(w + 0 + -1)?
1
Let f(q) = 4 - 3*q - 3*q - q**2 - 4 - 5. Let v be f(-5). Suppose -2*l + g + 5 = 4, -2*g + 6 = v. What is the units digit of l?
2
Let x(t) be the first derivative of -t**2/2 + 8*t + 1. Let y be (9/15)/(3/30). What is the units digit of x(y)?
2
Suppose 4*h = -v - v + 834, -4*v - 195 = -h. What is the tens digit of h?
0
Let v(c) be the second derivative of c**5/20 - c**4/3 + c**3/6 + c**2 + 4*c. What is the units digit of v(4)?
6
Suppose -20 = 5*m, -3*k + 6*k - 217 = 4*m. What is the tens digit of k?
6
Let z be (99 + 3)*(2 + -1). Suppose -z = -2*p - 0*p. What is the tens digit of p?
5
Let o be 0*((-5)/2)/5. Suppose o = -f - 16 + 6. Let j = f - -23. What is the units digit of j?
3
What is the units digit of (123/(-9))/(1/(-3))?
1
Suppose 5*w - 4 = 3*w. Suppose -w*t + 47 = -t + 2*y, 19 = t - 5*y. What is the tens digit of t?
3
What is the units digit of 6*(-3 + 74/6)?
6
What is the units digit of (-6)/9*(-200 + 8)?
8
Let g(l) be the second derivative of 0 + 5/6*l**3 + 4*l + 1/20*l**5 - 7/2*l**2 - 5/12*l**4. What is the tens digit of g(5)?
1
Suppose 0 = s - 3*u - 147, -4*s - 5*u + 618 = -2*u. What is the hundreds digit of s?
1
Let t = 15 + -36. Let q = -8 - t. What is the tens digit of q?
1
What is the tens digit of 459/6 - 1/(-2)?
7
Let c(f) =